, 61, 113
List the prime factors of 476053.
43, 11071
List the prime factors of 403134.
2, 3, 67189
What are the prime factors of 6867259?
7, 981037
What are the prime factors of 110008?
2, 13751
List the prime factors of 9002432.
2, 140663
List the prime factors of 189882.
2, 3, 7, 11, 137
What are the prime factors of 5968347?
3, 7, 11, 3691
List the prime factors of 981737.
29, 97, 349
List the prime factors of 446099.
59, 7561
What are the prime factors of 2894411?
13, 222647
List the prime factors of 2272360.
2, 5, 56809
What are the prime factors of 809068?
2, 13, 15559
What are the prime factors of 2888632?
2, 29, 12451
What are the prime factors of 5909?
19, 311
What are the prime factors of 1467109?
7, 79, 379
List the prime factors of 1612316.
2, 403079
List the prime factors of 440504.
2, 17, 41, 79
List the prime factors of 6430580.
2, 5, 13, 24733
List the prime factors of 24791643.
3, 918209
List the prime factors of 17523626.
2, 353, 24821
List the prime factors of 504391.
59, 83, 103
What are the prime factors of 3064510?
2, 5, 19, 127
List the prime factors of 24872392.
2, 881, 3529
What are the prime factors of 6546478?
2, 3273239
What are the prime factors of 29859?
3, 37, 269
What are the prime factors of 3328179?
3, 1109393
List the prime factors of 17680213.
3541, 4993
List the prime factors of 277953.
3, 13, 7127
List the prime factors of 522596.
2, 130649
List the prime factors of 53788.
2, 7, 17, 113
What are the prime factors of 6698680?
2, 5, 17, 9851
What are the prime factors of 309862?
2, 7, 22133
What are the prime factors of 962165?
5, 199, 967
List the prime factors of 1107034.
2, 553517
What are the prime factors of 736114?
2, 41, 47, 191
What are the prime factors of 6381216?
2, 3, 22157
List the prime factors of 18615.
3, 5, 17, 73
List the prime factors of 1615603.
11, 193, 761
What are the prime factors of 42968?
2, 41, 131
List the prime factors of 73710.
2, 3, 5, 7, 13
What are the prime factors of 38021565?
3, 5, 19, 71, 1879
What are the prime factors of 5979979?
5979979
What are the prime factors of 277605?
3, 5, 31, 199
List the prime factors of 406097.
59, 6883
What are the prime factors of 563639?
109, 5171
List the prime factors of 99732.
2, 3, 8311
What are the prime factors of 17456013?
3, 646519
What are the prime factors of 130776?
2, 3, 5449
What are the prime factors of 960267?
3, 7, 11, 4157
List the prime factors of 19769476.
2, 179, 27611
What are the prime factors of 769677?
3, 173, 1483
List the prime factors of 77009.
53, 1453
List the prime factors of 179713.
29, 6197
What are the prime factors of 1626917?
17, 95701
What are the prime factors of 202767?
3, 67589
What are the prime factors of 10627020?
2, 3, 5, 43, 1373
List the prime factors of 145809.
3, 17, 953
List the prime factors of 1366101.
3, 11, 13799
List the prime factors of 760654.
2, 380327
List the prime factors of 3794661.
3, 13, 19, 569
List the prime factors of 6217316.
2, 7, 31721
What are the prime factors of 695186?
2, 193, 1801
List the prime factors of 3746906.
2, 347, 5399
List the prime factors of 1716143.
11, 13, 1091
List the prime factors of 4890811.
79, 61909
List the prime factors of 325302.
2, 3, 54217
List the prime factors of 4523548.
2, 23, 49169
What are the prime factors of 28503958?
2, 7, 61, 33377
List the prime factors of 30197958.
2, 3, 7, 718999
List the prime factors of 4930200.
2, 3, 5, 11, 83
What are the prime factors of 3003884?
2, 13, 61, 947
What are the prime factors of 30956?
2, 71, 109
What are the prime factors of 2429041?
2429041
List the prime factors of 9509.
37, 257
List the prime factors of 775513.
775513
List the prime factors of 12161803.
71, 171293
What are the prime factors of 52353?
3, 7, 277
What are the prime factors of 471816?
2, 3, 6553
What are the prime factors of 1134678?
2, 3, 281, 673
List the prime factors of 5775333.
3, 59, 67, 487
What are the prime factors of 817206?
2, 3, 13, 10477
List the prime factors of 39574871.
7, 1013, 5581
What are the prime factors of 81148?
2, 20287
List the prime factors of 670825.
5, 26833
List the prime factors of 34369183.
71, 367, 1319
What are the prime factors of 48471?
3, 107, 151
List the prime factors of 226154.
2, 73, 1549
What are the prime factors of 6902812?
2, 7, 29, 8501
List the prime factors of 13465572.
2, 3, 1122131
What are the prime factors of 272274?
2, 3, 23, 1973
List the prime factors of 130189.
101, 1289
What are the prime factors of 334596?
2, 3, 27883
List the prime factors of 5768191.
11, 13, 19, 193
List the prime factors of 128625.
3, 5, 7
What are the prime factors of 7870077?
3, 419, 2087
What are the prime factors of 154033?
11, 19, 67
List the prime factors of 205414.
2, 11, 9337
What are the prime factors of 848710?
2, 5, 84871
What are the prime factors of 611828?
2, 7, 21851
What are the prime factors of 4901541?
3, 1633847
What are the prime factors of 6560093?
6560093
List the prime factors of 37705.
5, 7541
What are the prime factors of 2315835?
3, 5, 53, 971
List the prime factors of 317813.
19, 43, 389
What are the prime factors of 419981?
43, 9767
What are the prime factors of 21719342?
2, 10859671
What are the prime factors of 740723?
61, 12143
What are the prime factors of 60453?
3, 2239
What are the prime factors of 120133?
13, 9241
What are the prime factors of 2335258?
2, 113, 10333
What are the prime factors of 902141?
902141
What are the prime factors of 7292922?
2, 3, 7, 13, 19, 37
What are the prime factors of 4499728?
2, 281233
List the prime factors of 279599.
17, 16447
List the prime factors of 187007.
43, 4349
What are the prime factors of 15553592?
2, 53, 36683
List the prime factors of 2128081.
167, 12743
What are the prime factors of 7315749?
3, 7, 53, 313
List the prime factors of 29831904.
2, 3, 103583
What are the prime factors of 1084844?
2, 271211
List the prime factors of 1168773.
3, 389591
What are the prime factors of 167894?
2, 127, 661
List the prime factors of 2277111.
3, 759037
List the prime factors of 25522646.
2, 313, 40771
List the prime factors of 1516655.
5, 7, 17, 2549
What are the prime factors of 2832344?
2, 354043
What are the prime factors of 1353992?
2, 169249
List the prime factors of 3156045.
3, 5, 210403
List the prime factors of 2659743.
3, 23, 4283
List the prime factors of 516902.
2, 17, 23, 661
List the prime factors of 335026.
2, 127, 1319
What are the prime factors of 11133917?
11133917
List the prime factors of 116059.
17, 6827
What are the prime factors of 189270?
2, 3, 5, 701
List the prime factors of 1176360.
2, 3, 5, 9803
List the prime factors of 18989012.
2, 7, 678179
List the prime factors of 47924.
2, 11981
List the prime factors of 577024.
2, 7, 23
List the prime factors of 310975.
5, 7, 1777
List the prime factors of 1259454.
2, 3, 7, 157, 191
List the prime factors of 2185078.
2, 7, 17, 9181
List the prime factors of 143781.
3, 11, 4357
What are the prime factors of 219322?
2, 109661
What are the prime factors of 395670?
2, 3, 5, 11, 109
What are the prime factors of 859450?
2, 5, 17189
List the prime factors of 7057078.
2, 7, 107, 673
What are the prime factors of 647422?
2, 323711
List the prime factors of 16653219.
3, 11, 23, 37, 593
What are the prime factors of 2674598?
2, 1337299
What are the prime factors of 1049626?
2, 29, 18097
What are the prime factors of 28482118?
2, 7, 29, 31, 73
What are the prime factors of 1552850?
2, 5, 13, 2389
What are the prime factors of 539185?
5, 107837
What are the prime factors of 7970967?
3, 98407
What are the prime factors of 34687581?
3, 107, 108061
List the prime factors of 127113.
3, 7, 6053
What are the prime factors of 1227776?
2, 11, 109
What are the prime factors of 1784886?
2, 3, 297481
What are the prime factors of 24590211?
3, 17, 71, 6791
List the prime factors of 1522.
2, 761
List the prime factors of 1037436.
2, 3, 86453
List the prime factors of 68539.
68539
List the prime factors of 2179904.
2, 34061
List the prime factors of 12744935.
5, 7, 364141
What are the prime factors of 181057?
331, 547
What are the prime factors of 616641?
3, 17, 107, 113
What are the prime factors of 932921?
11, 84811
What are the prime factors of 789417?
3, 239, 367
What are the prime facto